-9174 + 481?
-88b3
In base 9, what is 64 - 186572?
-186507
In base 2, what is -1000001 + -10011111101000011101111?
-10011111101000100110000
In base 13, what is 8 + -25bb98?
-25bb90
In base 2, what is -11 + -10111001110100111100010?
-10111001110100111100101
In base 8, what is -4752 - 3630?
-10602
In base 5, what is -22441 + 333400?
310404
In base 3, what is 100221 - 2111011112012?
-2111011011021
In base 6, what is -2243541 - -3135?
-2240402
In base 6, what is -2510004 - 1352?
-2511400
In base 3, what is -202 + 10120220120211012?
10120220120210110
In base 6, what is -2115142 + -4115?
-2123301
In base 6, what is 0 + 52321243?
52321243
In base 14, what is -225b382 + -9?
-225b38b
In base 3, what is -11 - -1102202201110002?
1102202201102221
In base 16, what is 167d1 + -15a?
16677
In base 16, what is e920fdb + -1?
e920fda
In base 3, what is -2102101001 + -221000?
-2110022001
In base 7, what is -10264640 + -236?
-10265206
In base 6, what is -1325353054 + 100?
-1325352554
In base 8, what is -1655 + -265272?
-267147
In base 15, what is 8dc8836 + 2?
8dc8838
In base 6, what is -420542035 - -50?
-420541545
In base 12, what is -320666 - -20?
-320646
In base 14, what is -b623b - 41?
-b627c
In base 4, what is -1 - 131010323230?
-131010323231
In base 3, what is 2020101122211 + 20?
2020101200001
In base 5, what is 233 - -3300033403?
3300034141
In base 11, what is -4 - 306652a?
-3066533
In base 2, what is 1011110010110100011111110110 - 0?
1011110010110100011111110110
In base 3, what is -2002210201111 - 121020?
-2002211022201
In base 15, what is 1 + eb00d?
eb00e
In base 10, what is 168608 + -292?
168316
In base 2, what is -11101101000000010000 + -1000?
-11101101000000011000
In base 9, what is 1082 + -26444?
-25352
In base 7, what is 3 + -161346215?
-161346212
In base 16, what is 0 - -19ff343b?
19ff343b
In base 12, what is -314 - -5877a?
58466
In base 3, what is 1020212 + 120011121?
121102110
In base 2, what is -10000100000111101111010110 - -1?
-10000100000111101111010101
In base 15, what is 5381 - 71?
5310
In base 9, what is -704735 + -2?
-704737
In base 10, what is -4298 + 382?
-3916
In base 15, what is -2 + 880b7e?
880b7c
In base 14, what is c531 + 4b1d?
13250
In base 5, what is 1431 + 10013424?
10020410
In base 4, what is 2130310211 - -3?
2130310220
In base 12, what is -116 + 732636?
732520
In base 12, what is 282 - 2640?
-237a
In base 16, what is 50d5c - -e?
50d6a
In base 10, what is 1 + 220039445?
220039446
In base 9, what is -415022540 + -2?
-415022542
In base 10, what is -1 + -4701579?
-4701580
In base 13, what is -9ac8b5 - -50?
-9ac865
In base 3, what is -101110120012210 - 1102?
-101110120021012
In base 16, what is 3b + a3029?
a3064
In base 16, what is 1f02120 + -f?
1f02111
In base 6, what is -33452244 + 0?
-33452244
In base 5, what is -11120102 + 134?
-11114413
In base 15, what is 498 + -51a4?
-4c0b
In base 6, what is 4 + 12103525004?
12103525012
In base 15, what is 1ad - -2926c2?
292880
In base 10, what is -17313 + -12329?
-29642
In base 16, what is -522075 + -1?
-522076
In base 4, what is 220212 + 13?
220231
In base 15, what is -416 - -18b5?
149e
In base 6, what is 1221313203 - -25?
1221313232
In base 5, what is -4 + -22242330203?
-22242330212
In base 7, what is -14 - -5162416?
5162402
In base 10, what is -41 + 13200265?
13200224
In base 16, what is -27f441 + 4c?
-27f3f5
In base 15, what is 4884b4 - -3?
4884b7
In base 14, what is 2 - 1641c85?
-1641c83
In base 6, what is -1323144502 - -10?
-1323144452
In base 5, what is 44320100 + -3340?
44311210
In base 7, what is 2 - 20266360?
-20266355
In base 5, what is 1032203 - -10320?
1043023
In base 11, what is -6659167a0 - 1?
-6659167a1
In base 9, what is 1083282 + -50?
1083232
In base 11, what is a7 + -1876?
-177a
In base 6, what is -1405 - 34255?
-40104
In base 9, what is 2700880 - -25?
2701015
In base 10, what is -406163 + 14?
-406149
In base 3, what is 11202101011010 - 20?
11202101010220
In base 12, what is 1268 - -277a?
3a26
In base 6, what is 11025420 + -14?
11025402
In base 5, what is 1333140 + 211?
1333401
In base 12, what is -71ba - 2016?
-9214
In base 16, what is -1a08 - 6a6a?
-8472
In base 10, what is -4368 + 33409?
29041
In base 10, what is 1558793 - -1?
1558794
In base 7, what is 101042 + 244641?
346013
In base 15, what is 0 + -7d0e85?
-7d0e85
In base 10, what is 2 - 35525695?
-35525693
In base 16, what is -3c5ce + 462?
-3c16c
In base 15, what is -36 + -49837?
-4986d
In base 9, what is -25047 + -1456?
-26514
In base 15, what is -92 - -77ba?
7728
In base 14, what is 45ba6c - -5?
45ba73
In base 2, what is -1010010010100 + -10011011100010110?
-10100101110101010
In base 12, what is -824 + -2695?
-32b9
In base 3, what is 1000221010222211120 + 2?
1000221010222211122
In base 2, what is -1010 - 1101001001011111010000?
-1101001001011111011010
In base 4, what is -202322210 - -2230?
-202313320
In base 8, what is -11450 - -414?
-11034
In base 4, what is 20332 + 13030131220?
13030212212
In base 12, what is 90b9 - -443?
9540
In base 6, what is -311101 - -320?
-310341
In base 8, what is 216 + 1102010?
1102226
In base 15, what is -3 + 3418753?
3418750
In base 13, what is -333c170 - -5?
-333c168
In base 16, what is -6fba3 + a?
-6fb99
In base 8, what is -207703 + 615?
-207066
In base 3, what is 201211221220 + -102020?
201211112200
In base 3, what is 12101102 - -201021?
20002200
In base 5, what is 41421 + 320?
42241
In base 15, what is -3 - d85e4de?
-d85e4e2
In base 7, what is -10 + 305402306?
305402266
In base 5, what is -333103 - -10312?
-322241
In base 12, what is 7bb80 + 177?
80137
In base 10, what is 5 - 34662754?
-34662749
In base 15, what is -2546e + -185?
-25604
In base 16, what is 40 + -cb3b3?
-cb373
In base 6, what is -21515512 + 100?
-21515412
In base 4, what is 1202 - -233202303?
233210111
In base 15, what is d90b + -7?
d904
In base 10, what is -13566 + -2675?
-16241
In base 7, what is -24634500 + 14?
-24634453
In base 3, what is 11022101211222 + 220?
11022101212212
In base 3, what is 10120 + -1022100221?
-1022020101
In base 16, what is -2 - -379080?
37907e
In base 12, what is -18 - -322b3?
32297
In base 16, what is 24f222ec - 4?
24f222e8
In base 15, what is -289 - 5674?
-590d
In base 15, what is 7 + -68b15d?
-68b156
In base 9, what is 22814 + -34305?
-11381
In base 9, what is 212300 - 2543?
208646
In base 12, what is 119b3131 - 4?
119b3129
In base 14, what is 8b30200 - -d?
8b3020d
In base 13, what is 84b5a7 + 1a4?
84b77b
In base 4, what is -32010 + 23101320?
23003310
In base 10, what is 5956451 - 8?
5956443
In base 8, what is 172276327 - 5?
172276322
In base 15, what is -179c022 - -4?
-179c01d
In base 2, what is -10001111101011111100110 + 10010?
-10001111101011111010100
In base 5, what is -202 - 1322402311?
-1322403013
In base 6, what is -3505 - -225451?
221542
In base 10, what is 0 - 79110809?
-79110809
In base 15, what is 390 + 119a0?
11d40
In base 2, what is -10110101110 - -1001000001?
-1101101101
In base 4, what is -110 - 30310200121?
-30310200231
In base 3, what is -12102112211210 - 11?
-12102112211221
In base 8, what is 34 + -3142307?
-3142253
In base 14, what is 824b8bb + -1?
824b8ba
In base 3, what is -1200022 + -2212212202?
-2221120001
In base 3, what is 110 - 1010211201010?
-1010211200200
In base 16, what is -db42c7 - -5?
-db42c2
In base 13, what is 8 + b91976?
b91981
In base 14, what is 3 - -19a87ac?
19a87b1
In base 12, what is -3086 - -288b?
-3b7
In base 10, what is 2 + -6074522?
-6074520
In base 6, what is 340 + -12254202?
-12253422
In base 12, what is -5 - 49ab4508?
-49ab4511
In base 4, what is -223100020 - 103330?
-223210010
In base 15, what is -5 - -ac2423?
ac241d
In base 2, what is 111100011 + -101101000000?
-100101011101
In base 4, what is -1332 - -1020320202?
1020312210
In base 10, what is 47 - 81525?
-81478
In base 12, what is 11 + 8702a?
8703b
In base 11, what is -179254 + -110?
-179364
In base 16, what is -19bc - -82eb?
692f
In base 6, what is -415 + -2501510?
-2502325
In base 3, what is -110012211002000 + 10110?
-110012210221120
In base 7, what is 2054330 - -1460?
2056120
In base 6, what is -1424 - 340511?
-342335
In base 6, what is 544310101 + -4?
544310053
In base 16, what is -507f6e + -23?
-507f91
In base 13, what is 2 + 8b27093?
8b27095
In base 16, what is -9fefbc9 + 5?
-9